{"id":68807,"date":"2018-03-09T11:49:29","date_gmt":"2018-03-09T10:49:29","guid":{"rendered":"http:\/\/teoriadeconstruccion.net\/blog\/?page_id=68807"},"modified":"2026-04-26T19:55:27","modified_gmt":"2026-04-26T18:55:27","slug":"visores","status":"publish","type":"page","link":"https:\/\/teoriadeconstruccion.net\/blog\/visores\/","title":{"rendered":"VISORES"},"content":{"rendered":"\n<p>Pincha en las siguientes extensiones y te daremos un visor gratuito online para que puedas trabajar con estos formatos, muy habituales en arquitectura y construcci\u00f3n. <\/p>\n\n\n\n<div class=\"wp-block-columns is-layout-flex wp-container-core-columns-is-layout-9d6595d7 wp-block-columns-is-layout-flex\">\n<div class=\"wp-block-column is-layout-flow wp-block-column-is-layout-flow\">\n<figure class=\"wp-block-image size-full\"><a href=\"https:\/\/teoriadeconstruccion.net\/blog\/wp-content\/uploads\/2026\/04\/VISUALIZADOR_XML.html\" target=\"_blank\" rel=\" noreferrer noopener\"><img data-recalc-dims=\"1\" decoding=\"async\" width=\"833\" height=\"833\" src=\"https:\/\/i0.wp.com\/teoriadeconstruccion.net\/blog\/wp-content\/uploads\/2026\/04\/VISOR-XML-TEORIADECONSTRU.jpg?resize=833%2C833&#038;ssl=1\" alt=\"\" class=\"wp-image-73703\" srcset=\"https:\/\/i0.wp.com\/teoriadeconstruccion.net\/blog\/wp-content\/uploads\/2026\/04\/VISOR-XML-TEORIADECONSTRU.jpg?w=833&amp;ssl=1 833w, https:\/\/i0.wp.com\/teoriadeconstruccion.net\/blog\/wp-content\/uploads\/2026\/04\/VISOR-XML-TEORIADECONSTRU.jpg?resize=300%2C300&amp;ssl=1 300w, https:\/\/i0.wp.com\/teoriadeconstruccion.net\/blog\/wp-content\/uploads\/2026\/04\/VISOR-XML-TEORIADECONSTRU.jpg?resize=150%2C150&amp;ssl=1 150w, https:\/\/i0.wp.com\/teoriadeconstruccion.net\/blog\/wp-content\/uploads\/2026\/04\/VISOR-XML-TEORIADECONSTRU.jpg?resize=768%2C768&amp;ssl=1 768w\" sizes=\"(max-width: 833px) 100vw, 833px\" \/><\/a><\/figure>\n\n\n\n<p>Si tienes una certificaci\u00f3n energ\u00e9tica es probable que tambi\u00e9n te hayan pasado un archivo con extensi\u00f3n .xml. Puedes utilizar este visor que te muestra e interpreta ese formato, e incluso te indica lo que supone el gasto energ\u00e9tico en euros, interesante verdad?<\/p>\n<\/div>\n\n\n\n<div class=\"wp-block-column is-layout-flow wp-block-column-is-layout-flow\">\n<figure class=\"wp-block-image size-full\"><a href=\"https:\/\/teoriadeconstruccion.net\/blog\/wp-content\/uploads\/2026\/04\/VisorBC3-1.html\" target=\"_blank\" rel=\" noreferrer noopener\"><img data-recalc-dims=\"1\" decoding=\"async\" width=\"833\" height=\"833\" src=\"https:\/\/i0.wp.com\/teoriadeconstruccion.net\/blog\/wp-content\/uploads\/2026\/04\/VISOR-BC3-TEORIADECONSTRU.jpg?resize=833%2C833&#038;ssl=1\" alt=\"\" class=\"wp-image-73704\" srcset=\"https:\/\/i0.wp.com\/teoriadeconstruccion.net\/blog\/wp-content\/uploads\/2026\/04\/VISOR-BC3-TEORIADECONSTRU.jpg?w=833&amp;ssl=1 833w, https:\/\/i0.wp.com\/teoriadeconstruccion.net\/blog\/wp-content\/uploads\/2026\/04\/VISOR-BC3-TEORIADECONSTRU.jpg?resize=300%2C300&amp;ssl=1 300w, https:\/\/i0.wp.com\/teoriadeconstruccion.net\/blog\/wp-content\/uploads\/2026\/04\/VISOR-BC3-TEORIADECONSTRU.jpg?resize=150%2C150&amp;ssl=1 150w, https:\/\/i0.wp.com\/teoriadeconstruccion.net\/blog\/wp-content\/uploads\/2026\/04\/VISOR-BC3-TEORIADECONSTRU.jpg?resize=768%2C768&amp;ssl=1 768w\" sizes=\"(max-width: 833px) 100vw, 833px\" \/><\/a><\/figure>\n\n\n\n<p>El formato m\u00e1s importante de la construcci\u00f3n, quiz\u00e1s si, no? En este tipo de archivos indicamos con letra y con n\u00famero cuales son las partidas con las que construiremos, y entre constructores se a\u00f1aden los precios. Utiliza este visor para tener un programa f\u00e1cil de utilizar y gratuito a mano. <\/p>\n<\/div>\n\n\n\n<div class=\"wp-block-column is-layout-flow wp-block-column-is-layout-flow\">\n<figure class=\"wp-block-image size-full\"><a href=\"https:\/\/teoriadeconstruccion.net\/blog\/wp-content\/uploads\/2026\/04\/DXF-VISOR-WEB.html\" target=\"_blank\" rel=\" noreferrer noopener\"><img data-recalc-dims=\"1\" decoding=\"async\" width=\"833\" height=\"833\" src=\"https:\/\/i0.wp.com\/teoriadeconstruccion.net\/blog\/wp-content\/uploads\/2026\/04\/VISOR-DXF-TEORIADECONSTRU.jpg?resize=833%2C833&#038;ssl=1\" alt=\"\" class=\"wp-image-73705\" srcset=\"https:\/\/i0.wp.com\/teoriadeconstruccion.net\/blog\/wp-content\/uploads\/2026\/04\/VISOR-DXF-TEORIADECONSTRU.jpg?w=833&amp;ssl=1 833w, https:\/\/i0.wp.com\/teoriadeconstruccion.net\/blog\/wp-content\/uploads\/2026\/04\/VISOR-DXF-TEORIADECONSTRU.jpg?resize=300%2C300&amp;ssl=1 300w, https:\/\/i0.wp.com\/teoriadeconstruccion.net\/blog\/wp-content\/uploads\/2026\/04\/VISOR-DXF-TEORIADECONSTRU.jpg?resize=150%2C150&amp;ssl=1 150w, https:\/\/i0.wp.com\/teoriadeconstruccion.net\/blog\/wp-content\/uploads\/2026\/04\/VISOR-DXF-TEORIADECONSTRU.jpg?resize=768%2C768&amp;ssl=1 768w\" sizes=\"(max-width: 833px) 100vw, 833px\" \/><\/a><\/figure>\n\n\n\n<p>Este formato es muy utilizado entre profesionales por su compatibilidad. Si no tienes ning\u00fan visor en tu equipo o en tu m\u00f3vil puedes utilizar nuestro visor totalmente gratuito. <\/p>\n<\/div>\n<\/div>\n","protected":false},"excerpt":{"rendered":"<p>Pincha en las siguientes extensiones y te daremos un visor gratuito online para que puedas trabajar con estos formatos, muy habituales en arquitectura y construcci\u00f3n. Si tienes una certificaci\u00f3n energ\u00e9tica es probable que tambi\u00e9n te hayan pasado un archivo con extensi\u00f3n .xml. Puedes utilizar este visor que te muestra e interpreta ese formato, e incluso&hellip;&nbsp;<a href=\"https:\/\/teoriadeconstruccion.net\/blog\/visores\/\" rel=\"bookmark\">Leer m\u00e1s &raquo;<span class=\"screen-reader-text\">VISORES<\/span><\/a><\/p>\n","protected":false},"author":1,"featured_media":73718,"parent":0,"menu_order":0,"comment_status":"closed","ping_status":"closed","template":"","meta":{"neve_meta_sidebar":"","neve_meta_container":"","neve_meta_enable_content_width":"","neve_meta_content_width":0,"neve_meta_title_alignment":"","neve_meta_author_avatar":"","neve_post_elements_order":"","neve_meta_disable_header":"","neve_meta_disable_footer":"","neve_meta_disable_title":"","footnotes":""},"class_list":["post-68807","page","type-page","status-publish","has-post-thumbnail","hentry"],"yoast_head":"<!-- This site is optimized with the Yoast SEO plugin v27.6 - https:\/\/yoast.com\/product\/yoast-seo-wordpress\/ -->\n<title>VISORES - Teor\u00eda de construcci\u00f3n<\/title>\n<meta name=\"robots\" content=\"index, follow, max-snippet:-1, max-image-preview:large, max-video-preview:-1\" \/>\n<link rel=\"canonical\" href=\"https:\/\/teoriadeconstruccion.net\/blog\/visores\/\" \/>\n<meta property=\"og:locale\" content=\"es_ES\" \/>\n<meta property=\"og:type\" content=\"article\" \/>\n<meta property=\"og:title\" content=\"VISORES - Teor\u00eda de construcci\u00f3n\" \/>\n<meta property=\"og:description\" content=\"Pincha en las siguientes extensiones y te daremos un visor gratuito online para que puedas trabajar con estos formatos, muy habituales en arquitectura y construcci\u00f3n. Si tienes una certificaci\u00f3n energ\u00e9tica es probable que tambi\u00e9n te hayan pasado un archivo con extensi\u00f3n .xml. Puedes utilizar este visor que te muestra e interpreta ese formato, e incluso&hellip;&nbsp;Leer m\u00e1s &raquo;VISORES\" \/>\n<meta property=\"og:url\" content=\"https:\/\/teoriadeconstruccion.net\/blog\/visores\/\" \/>\n<meta property=\"og:site_name\" content=\"Teor\u00eda de construcci\u00f3n\" \/>\n<meta property=\"article:publisher\" content=\"https:\/\/www.facebook.com\/teoriadeconstru\" \/>\n<meta property=\"article:modified_time\" content=\"2026-04-26T18:55:27+00:00\" \/>\n<meta property=\"og:image\" content=\"https:\/\/teoriadeconstruccion.net\/blog\/wp-content\/uploads\/2026\/04\/image-6.png\" \/>\n\t<meta property=\"og:image:width\" content=\"1349\" \/>\n\t<meta property=\"og:image:height\" content=\"445\" \/>\n\t<meta property=\"og:image:type\" content=\"image\/png\" \/>\n<meta name=\"twitter:card\" content=\"summary_large_image\" \/>\n<meta name=\"twitter:site\" content=\"@teoriadeconstru\" \/>\n<meta name=\"twitter:label1\" content=\"Tiempo de lectura\" \/>\n\t<meta name=\"twitter:data1\" content=\"2 minutos\" \/>\n<script type=\"application\/ld+json\" class=\"yoast-schema-graph\">{\"@context\":\"https:\\\/\\\/schema.org\",\"@graph\":[{\"@type\":\"WebPage\",\"@id\":\"https:\\\/\\\/teoriadeconstruccion.net\\\/blog\\\/visores\\\/\",\"url\":\"https:\\\/\\\/teoriadeconstruccion.net\\\/blog\\\/visores\\\/\",\"name\":\"VISORES - Teor\u00eda de construcci\u00f3n\",\"isPartOf\":{\"@id\":\"https:\\\/\\\/teoriadeconstruccion.net\\\/blog\\\/#website\"},\"primaryImageOfPage\":{\"@id\":\"https:\\\/\\\/teoriadeconstruccion.net\\\/blog\\\/visores\\\/#primaryimage\"},\"image\":{\"@id\":\"https:\\\/\\\/teoriadeconstruccion.net\\\/blog\\\/visores\\\/#primaryimage\"},\"thumbnailUrl\":\"https:\\\/\\\/i0.wp.com\\\/teoriadeconstruccion.net\\\/blog\\\/wp-content\\\/uploads\\\/2026\\\/04\\\/image-6.png?fit=1349%2C445&ssl=1\",\"datePublished\":\"2018-03-09T10:49:29+00:00\",\"dateModified\":\"2026-04-26T18:55:27+00:00\",\"breadcrumb\":{\"@id\":\"https:\\\/\\\/teoriadeconstruccion.net\\\/blog\\\/visores\\\/#breadcrumb\"},\"inLanguage\":\"es\",\"potentialAction\":[{\"@type\":\"ReadAction\",\"target\":[\"https:\\\/\\\/teoriadeconstruccion.net\\\/blog\\\/visores\\\/\"]}]},{\"@type\":\"ImageObject\",\"inLanguage\":\"es\",\"@id\":\"https:\\\/\\\/teoriadeconstruccion.net\\\/blog\\\/visores\\\/#primaryimage\",\"url\":\"https:\\\/\\\/i0.wp.com\\\/teoriadeconstruccion.net\\\/blog\\\/wp-content\\\/uploads\\\/2026\\\/04\\\/image-6.png?fit=1349%2C445&ssl=1\",\"contentUrl\":\"https:\\\/\\\/i0.wp.com\\\/teoriadeconstruccion.net\\\/blog\\\/wp-content\\\/uploads\\\/2026\\\/04\\\/image-6.png?fit=1349%2C445&ssl=1\",\"width\":1349,\"height\":445},{\"@type\":\"BreadcrumbList\",\"@id\":\"https:\\\/\\\/teoriadeconstruccion.net\\\/blog\\\/visores\\\/#breadcrumb\",\"itemListElement\":[{\"@type\":\"ListItem\",\"position\":1,\"name\":\"Home\",\"item\":\"https:\\\/\\\/teoriadeconstruccion.net\\\/blog\\\/\"},{\"@type\":\"ListItem\",\"position\":2,\"name\":\"VISORES\"}]},{\"@type\":\"WebSite\",\"@id\":\"https:\\\/\\\/teoriadeconstruccion.net\\\/blog\\\/#website\",\"url\":\"https:\\\/\\\/teoriadeconstruccion.net\\\/blog\\\/\",\"name\":\"Teor\u00eda de construcci\u00f3n\",\"description\":\"blog sobre construcci\u00f3n, teor\u00eda y aplicaci\u00f3n: materiales, normativa de edificaci\u00f3n, sistemas constructivos.\",\"publisher\":{\"@id\":\"https:\\\/\\\/teoriadeconstruccion.net\\\/blog\\\/#organization\"},\"potentialAction\":[{\"@type\":\"SearchAction\",\"target\":{\"@type\":\"EntryPoint\",\"urlTemplate\":\"https:\\\/\\\/teoriadeconstruccion.net\\\/blog\\\/?s={search_term_string}\"},\"query-input\":{\"@type\":\"PropertyValueSpecification\",\"valueRequired\":true,\"valueName\":\"search_term_string\"}}],\"inLanguage\":\"es\"},{\"@type\":\"Organization\",\"@id\":\"https:\\\/\\\/teoriadeconstruccion.net\\\/blog\\\/#organization\",\"name\":\"teoriadeconstruccion.net\",\"url\":\"https:\\\/\\\/teoriadeconstruccion.net\\\/blog\\\/\",\"logo\":{\"@type\":\"ImageObject\",\"inLanguage\":\"es\",\"@id\":\"https:\\\/\\\/teoriadeconstruccion.net\\\/blog\\\/#\\\/schema\\\/logo\\\/image\\\/\",\"url\":\"https:\\\/\\\/i0.wp.com\\\/teoriadeconstruccion.net\\\/blog\\\/wp-content\\\/uploads\\\/2023\\\/08\\\/cropped-logo-2023-sm.jpg?fit=200%2C128&ssl=1\",\"contentUrl\":\"https:\\\/\\\/i0.wp.com\\\/teoriadeconstruccion.net\\\/blog\\\/wp-content\\\/uploads\\\/2023\\\/08\\\/cropped-logo-2023-sm.jpg?fit=200%2C128&ssl=1\",\"width\":200,\"height\":128,\"caption\":\"teoriadeconstruccion.net\"},\"image\":{\"@id\":\"https:\\\/\\\/teoriadeconstruccion.net\\\/blog\\\/#\\\/schema\\\/logo\\\/image\\\/\"},\"sameAs\":[\"https:\\\/\\\/www.facebook.com\\\/teoriadeconstru\",\"https:\\\/\\\/x.com\\\/teoriadeconstru\"]}]}<\/script>\n<!-- \/ Yoast SEO plugin. -->","yoast_head_json":{"title":"VISORES - Teor\u00eda de construcci\u00f3n","robots":{"index":"index","follow":"follow","max-snippet":"max-snippet:-1","max-image-preview":"max-image-preview:large","max-video-preview":"max-video-preview:-1"},"canonical":"https:\/\/teoriadeconstruccion.net\/blog\/visores\/","og_locale":"es_ES","og_type":"article","og_title":"VISORES - Teor\u00eda de construcci\u00f3n","og_description":"Pincha en las siguientes extensiones y te daremos un visor gratuito online para que puedas trabajar con estos formatos, muy habituales en arquitectura y construcci\u00f3n. Si tienes una certificaci\u00f3n energ\u00e9tica es probable que tambi\u00e9n te hayan pasado un archivo con extensi\u00f3n .xml. Puedes utilizar este visor que te muestra e interpreta ese formato, e incluso&hellip;&nbsp;Leer m\u00e1s &raquo;VISORES","og_url":"https:\/\/teoriadeconstruccion.net\/blog\/visores\/","og_site_name":"Teor\u00eda de construcci\u00f3n","article_publisher":"https:\/\/www.facebook.com\/teoriadeconstru","article_modified_time":"2026-04-26T18:55:27+00:00","og_image":[{"width":1349,"height":445,"url":"https:\/\/teoriadeconstruccion.net\/blog\/wp-content\/uploads\/2026\/04\/image-6.png","type":"image\/png"}],"twitter_card":"summary_large_image","twitter_site":"@teoriadeconstru","twitter_misc":{"Tiempo de lectura":"2 minutos"},"schema":{"@context":"https:\/\/schema.org","@graph":[{"@type":"WebPage","@id":"https:\/\/teoriadeconstruccion.net\/blog\/visores\/","url":"https:\/\/teoriadeconstruccion.net\/blog\/visores\/","name":"VISORES - Teor\u00eda de construcci\u00f3n","isPartOf":{"@id":"https:\/\/teoriadeconstruccion.net\/blog\/#website"},"primaryImageOfPage":{"@id":"https:\/\/teoriadeconstruccion.net\/blog\/visores\/#primaryimage"},"image":{"@id":"https:\/\/teoriadeconstruccion.net\/blog\/visores\/#primaryimage"},"thumbnailUrl":"https:\/\/i0.wp.com\/teoriadeconstruccion.net\/blog\/wp-content\/uploads\/2026\/04\/image-6.png?fit=1349%2C445&ssl=1","datePublished":"2018-03-09T10:49:29+00:00","dateModified":"2026-04-26T18:55:27+00:00","breadcrumb":{"@id":"https:\/\/teoriadeconstruccion.net\/blog\/visores\/#breadcrumb"},"inLanguage":"es","potentialAction":[{"@type":"ReadAction","target":["https:\/\/teoriadeconstruccion.net\/blog\/visores\/"]}]},{"@type":"ImageObject","inLanguage":"es","@id":"https:\/\/teoriadeconstruccion.net\/blog\/visores\/#primaryimage","url":"https:\/\/i0.wp.com\/teoriadeconstruccion.net\/blog\/wp-content\/uploads\/2026\/04\/image-6.png?fit=1349%2C445&ssl=1","contentUrl":"https:\/\/i0.wp.com\/teoriadeconstruccion.net\/blog\/wp-content\/uploads\/2026\/04\/image-6.png?fit=1349%2C445&ssl=1","width":1349,"height":445},{"@type":"BreadcrumbList","@id":"https:\/\/teoriadeconstruccion.net\/blog\/visores\/#breadcrumb","itemListElement":[{"@type":"ListItem","position":1,"name":"Home","item":"https:\/\/teoriadeconstruccion.net\/blog\/"},{"@type":"ListItem","position":2,"name":"VISORES"}]},{"@type":"WebSite","@id":"https:\/\/teoriadeconstruccion.net\/blog\/#website","url":"https:\/\/teoriadeconstruccion.net\/blog\/","name":"Teor\u00eda de construcci\u00f3n","description":"blog sobre construcci\u00f3n, teor\u00eda y aplicaci\u00f3n: materiales, normativa de edificaci\u00f3n, sistemas constructivos.","publisher":{"@id":"https:\/\/teoriadeconstruccion.net\/blog\/#organization"},"potentialAction":[{"@type":"SearchAction","target":{"@type":"EntryPoint","urlTemplate":"https:\/\/teoriadeconstruccion.net\/blog\/?s={search_term_string}"},"query-input":{"@type":"PropertyValueSpecification","valueRequired":true,"valueName":"search_term_string"}}],"inLanguage":"es"},{"@type":"Organization","@id":"https:\/\/teoriadeconstruccion.net\/blog\/#organization","name":"teoriadeconstruccion.net","url":"https:\/\/teoriadeconstruccion.net\/blog\/","logo":{"@type":"ImageObject","inLanguage":"es","@id":"https:\/\/teoriadeconstruccion.net\/blog\/#\/schema\/logo\/image\/","url":"https:\/\/i0.wp.com\/teoriadeconstruccion.net\/blog\/wp-content\/uploads\/2023\/08\/cropped-logo-2023-sm.jpg?fit=200%2C128&ssl=1","contentUrl":"https:\/\/i0.wp.com\/teoriadeconstruccion.net\/blog\/wp-content\/uploads\/2023\/08\/cropped-logo-2023-sm.jpg?fit=200%2C128&ssl=1","width":200,"height":128,"caption":"teoriadeconstruccion.net"},"image":{"@id":"https:\/\/teoriadeconstruccion.net\/blog\/#\/schema\/logo\/image\/"},"sameAs":["https:\/\/www.facebook.com\/teoriadeconstru","https:\/\/x.com\/teoriadeconstru"]}]}},"jetpack_shortlink":"https:\/\/wp.me\/P3diCd-hTN","jetpack_sharing_enabled":true,"_links":{"self":[{"href":"https:\/\/teoriadeconstruccion.net\/blog\/wp-json\/wp\/v2\/pages\/68807","targetHints":{"allow":["GET"]}}],"collection":[{"href":"https:\/\/teoriadeconstruccion.net\/blog\/wp-json\/wp\/v2\/pages"}],"about":[{"href":"https:\/\/teoriadeconstruccion.net\/blog\/wp-json\/wp\/v2\/types\/page"}],"author":[{"embeddable":true,"href":"https:\/\/teoriadeconstruccion.net\/blog\/wp-json\/wp\/v2\/users\/1"}],"replies":[{"embeddable":true,"href":"https:\/\/teoriadeconstruccion.net\/blog\/wp-json\/wp\/v2\/comments?post=68807"}],"version-history":[{"count":3,"href":"https:\/\/teoriadeconstruccion.net\/blog\/wp-json\/wp\/v2\/pages\/68807\/revisions"}],"predecessor-version":[{"id":73710,"href":"https:\/\/teoriadeconstruccion.net\/blog\/wp-json\/wp\/v2\/pages\/68807\/revisions\/73710"}],"wp:featuredmedia":[{"embeddable":true,"href":"https:\/\/teoriadeconstruccion.net\/blog\/wp-json\/wp\/v2\/media\/73718"}],"wp:attachment":[{"href":"https:\/\/teoriadeconstruccion.net\/blog\/wp-json\/wp\/v2\/media?parent=68807"}],"curies":[{"name":"wp","href":"https:\/\/api.w.org\/{rel}","templated":true}]}}