{"id":68256,"date":"2016-03-27T12:12:10","date_gmt":"2016-03-27T11:12:10","guid":{"rendered":"http:\/\/teoriadeconstruccion.net\/blog\/?page_id=68256"},"modified":"2023-08-12T17:27:02","modified_gmt":"2023-08-12T16:27:02","slug":"sobre-el-autor","status":"publish","type":"page","link":"https:\/\/teoriadeconstruccion.net\/blog\/sobre-el-autor\/","title":{"rendered":"Quienes somos"},"content":{"rendered":"\n<p class=\"has-text-align-center has-white-color has-light-green-cyan-background-color has-text-color has-background\"><strong>Puedes colaborar con teoriadeconstruccion.net, publicar art\u00edculos, sugerirnos contenido, enviar publicidad sobre materiales, normativa,  sistemas constructivos, etc.<\/strong><br><strong> <\/strong><a href=\"https:\/\/teoriadeconstruccion.net\/blog\/consulta\/\" target=\"_blank\" rel=\"noreferrer noopener\"><strong>Visita este enlace y hablamos!<\/strong><\/a><\/p>\n\n\n\n<p><strong>CEO<\/strong>: <strong> Luis M. Santalla Blanco<\/strong> Cedeira-1987. <em>multitasker (<strong>arquitecto \u2013 dise\u00f1ador \u2013 webmaster<\/strong>)<\/em> <strong><a href=\"https:\/\/www.linkedin.com\/in\/luissantalla\/\">LinkedIn<\/a>&nbsp;<\/strong><em>Actualmente en A Coru\u00f1a. Socio del estudio de arquitectura Flu-or. Colabora y coordina blogs como Teoriadeconstruccion.net y arquitecturadegalicia.eu<\/em>. <em>Tesis doctoral sobre docencia de arquitectura en curso<\/em>.<\/p>\n\n\n<div class=\"wp-block-image\">\n<figure class=\"aligncenter size-full\"><a href=\"https:\/\/i0.wp.com\/teoriadeconstruccion.net\/blog\/wp-content\/uploads\/2023\/08\/image-10.png?ssl=1\"><img data-recalc-dims=\"1\" decoding=\"async\" width=\"750\" height=\"912\" src=\"https:\/\/i0.wp.com\/teoriadeconstruccion.net\/blog\/wp-content\/uploads\/2023\/08\/image-10.png?resize=750%2C912&#038;ssl=1\" alt=\"\" class=\"wp-image-72839\" srcset=\"https:\/\/i0.wp.com\/teoriadeconstruccion.net\/blog\/wp-content\/uploads\/2023\/08\/image-10.png?w=750&amp;ssl=1 750w, https:\/\/i0.wp.com\/teoriadeconstruccion.net\/blog\/wp-content\/uploads\/2023\/08\/image-10.png?resize=247%2C300&amp;ssl=1 247w\" sizes=\"(max-width: 750px) 100vw, 750px\" \/><\/a><figcaption class=\"wp-element-caption\"><em>vivienda en Arteixo (dise\u00f1ada por J. M. Salgado y Luis Santalla)<\/em><\/figcaption><\/figure>\n<\/div>\n\n\n<p><\/p>\n","protected":false},"excerpt":{"rendered":"<p>Puedes colaborar con teoriadeconstruccion.net, publicar art\u00edculos, sugerirnos contenido, enviar publicidad sobre materiales, normativa, sistemas constructivos, etc. Visita este enlace y hablamos! CEO: Luis M. Santalla Blanco Cedeira-1987. multitasker (arquitecto \u2013 dise\u00f1ador \u2013 webmaster) LinkedIn&nbsp;Actualmente en A Coru\u00f1a. Socio del estudio de arquitectura Flu-or. Colabora y coordina blogs como Teoriadeconstruccion.net y arquitecturadegalicia.eu. Tesis doctoral sobre docencia&hellip;&nbsp;<a href=\"https:\/\/teoriadeconstruccion.net\/blog\/sobre-el-autor\/\" rel=\"bookmark\">Leer m\u00e1s &raquo;<span class=\"screen-reader-text\">Quienes somos<\/span><\/a><\/p>\n","protected":false},"author":1,"featured_media":72835,"parent":0,"menu_order":0,"comment_status":"closed","ping_status":"closed","template":"","meta":{"neve_meta_sidebar":"","neve_meta_container":"","neve_meta_enable_content_width":"","neve_meta_content_width":0,"neve_meta_title_alignment":"","neve_meta_author_avatar":"","neve_post_elements_order":"","neve_meta_disable_header":"","neve_meta_disable_footer":"","neve_meta_disable_title":"","jetpack_post_was_ever_published":false,"footnotes":""},"class_list":["post-68256","page","type-page","status-publish","has-post-thumbnail","hentry"],"yoast_head":"<!-- This site is optimized with the Yoast SEO plugin v27.4 - https:\/\/yoast.com\/product\/yoast-seo-wordpress\/ -->\n<title>Sobre el autor : Luis Santalla - teoriadeconstruccion.net<\/title>\n<meta name=\"description\" content=\"Luis Santalla es arquitecto titulado en la UDC. Fund\u00f3 Flu-or Arquitectura en 2008. Desarrolla su tesis doctoral sobre la docencia de la arquitectura.\" \/>\n<meta name=\"robots\" content=\"index, follow, max-snippet:-1, max-image-preview:large, max-video-preview:-1\" \/>\n<link rel=\"canonical\" href=\"https:\/\/teoriadeconstruccion.net\/blog\/sobre-el-autor\/\" \/>\n<meta property=\"og:locale\" content=\"es_ES\" \/>\n<meta property=\"og:type\" content=\"article\" \/>\n<meta property=\"og:title\" content=\"Sobre el autor : Luis Santalla - teoriadeconstruccion.net\" \/>\n<meta property=\"og:description\" content=\"Luis Santalla es arquitecto titulado en la UDC. Fund\u00f3 Flu-or Arquitectura en 2008. Desarrolla su tesis doctoral sobre la docencia de la arquitectura.\" \/>\n<meta property=\"og:url\" content=\"https:\/\/teoriadeconstruccion.net\/blog\/sobre-el-autor\/\" \/>\n<meta property=\"og:site_name\" content=\"Teor\u00eda de construcci\u00f3n\" \/>\n<meta property=\"article:publisher\" content=\"https:\/\/www.facebook.com\/teoriadeconstru\" \/>\n<meta property=\"article:modified_time\" content=\"2023-08-12T16:27:02+00:00\" \/>\n<meta property=\"og:image\" content=\"https:\/\/teoriadeconstruccion.net\/blog\/wp-content\/uploads\/2023\/08\/perfil-teoriadeconstruccion-luis-santalla-scaled.jpg\" \/>\n\t<meta property=\"og:image:width\" content=\"1600\" \/>\n\t<meta property=\"og:image:height\" content=\"674\" \/>\n\t<meta property=\"og:image:type\" content=\"image\/jpeg\" \/>\n<meta name=\"twitter:card\" content=\"summary_large_image\" \/>\n<meta name=\"twitter:site\" content=\"@teoriadeconstru\" \/>\n<meta name=\"twitter:label1\" content=\"Tiempo de lectura\" \/>\n\t<meta name=\"twitter:data1\" content=\"1 minuto\" \/>\n<script type=\"application\/ld+json\" class=\"yoast-schema-graph\">{\"@context\":\"https:\\\/\\\/schema.org\",\"@graph\":[{\"@type\":\"WebPage\",\"@id\":\"https:\\\/\\\/teoriadeconstruccion.net\\\/blog\\\/sobre-el-autor\\\/\",\"url\":\"https:\\\/\\\/teoriadeconstruccion.net\\\/blog\\\/sobre-el-autor\\\/\",\"name\":\"Sobre el autor : Luis Santalla - teoriadeconstruccion.net\",\"isPartOf\":{\"@id\":\"https:\\\/\\\/teoriadeconstruccion.net\\\/blog\\\/#website\"},\"primaryImageOfPage\":{\"@id\":\"https:\\\/\\\/teoriadeconstruccion.net\\\/blog\\\/sobre-el-autor\\\/#primaryimage\"},\"image\":{\"@id\":\"https:\\\/\\\/teoriadeconstruccion.net\\\/blog\\\/sobre-el-autor\\\/#primaryimage\"},\"thumbnailUrl\":\"https:\\\/\\\/i0.wp.com\\\/teoriadeconstruccion.net\\\/blog\\\/wp-content\\\/uploads\\\/2023\\\/08\\\/perfil-teoriadeconstruccion-luis-santalla-scaled.jpg?fit=1600%2C674&ssl=1\",\"datePublished\":\"2016-03-27T11:12:10+00:00\",\"dateModified\":\"2023-08-12T16:27:02+00:00\",\"description\":\"Luis Santalla es arquitecto titulado en la UDC. Fund\u00f3 Flu-or Arquitectura en 2008. Desarrolla su tesis doctoral sobre la docencia de la arquitectura.\",\"breadcrumb\":{\"@id\":\"https:\\\/\\\/teoriadeconstruccion.net\\\/blog\\\/sobre-el-autor\\\/#breadcrumb\"},\"inLanguage\":\"es\",\"potentialAction\":[{\"@type\":\"ReadAction\",\"target\":[\"https:\\\/\\\/teoriadeconstruccion.net\\\/blog\\\/sobre-el-autor\\\/\"]}]},{\"@type\":\"ImageObject\",\"inLanguage\":\"es\",\"@id\":\"https:\\\/\\\/teoriadeconstruccion.net\\\/blog\\\/sobre-el-autor\\\/#primaryimage\",\"url\":\"https:\\\/\\\/i0.wp.com\\\/teoriadeconstruccion.net\\\/blog\\\/wp-content\\\/uploads\\\/2023\\\/08\\\/perfil-teoriadeconstruccion-luis-santalla-scaled.jpg?fit=1600%2C674&ssl=1\",\"contentUrl\":\"https:\\\/\\\/i0.wp.com\\\/teoriadeconstruccion.net\\\/blog\\\/wp-content\\\/uploads\\\/2023\\\/08\\\/perfil-teoriadeconstruccion-luis-santalla-scaled.jpg?fit=1600%2C674&ssl=1\",\"width\":1600,\"height\":674},{\"@type\":\"BreadcrumbList\",\"@id\":\"https:\\\/\\\/teoriadeconstruccion.net\\\/blog\\\/sobre-el-autor\\\/#breadcrumb\",\"itemListElement\":[{\"@type\":\"ListItem\",\"position\":1,\"name\":\"Home\",\"item\":\"https:\\\/\\\/teoriadeconstruccion.net\\\/blog\\\/\"},{\"@type\":\"ListItem\",\"position\":2,\"name\":\"Quienes somos\"}]},{\"@type\":\"WebSite\",\"@id\":\"https:\\\/\\\/teoriadeconstruccion.net\\\/blog\\\/#website\",\"url\":\"https:\\\/\\\/teoriadeconstruccion.net\\\/blog\\\/\",\"name\":\"Teor\u00eda de construcci\u00f3n\",\"description\":\"blog sobre construcci\u00f3n, teor\u00eda y aplicaci\u00f3n: materiales, normativa de edificaci\u00f3n, sistemas constructivos.\",\"publisher\":{\"@id\":\"https:\\\/\\\/teoriadeconstruccion.net\\\/blog\\\/#organization\"},\"potentialAction\":[{\"@type\":\"SearchAction\",\"target\":{\"@type\":\"EntryPoint\",\"urlTemplate\":\"https:\\\/\\\/teoriadeconstruccion.net\\\/blog\\\/?s={search_term_string}\"},\"query-input\":{\"@type\":\"PropertyValueSpecification\",\"valueRequired\":true,\"valueName\":\"search_term_string\"}}],\"inLanguage\":\"es\"},{\"@type\":\"Organization\",\"@id\":\"https:\\\/\\\/teoriadeconstruccion.net\\\/blog\\\/#organization\",\"name\":\"teoriadeconstruccion.net\",\"url\":\"https:\\\/\\\/teoriadeconstruccion.net\\\/blog\\\/\",\"logo\":{\"@type\":\"ImageObject\",\"inLanguage\":\"es\",\"@id\":\"https:\\\/\\\/teoriadeconstruccion.net\\\/blog\\\/#\\\/schema\\\/logo\\\/image\\\/\",\"url\":\"https:\\\/\\\/i0.wp.com\\\/teoriadeconstruccion.net\\\/blog\\\/wp-content\\\/uploads\\\/2023\\\/08\\\/cropped-logo-2023-sm.jpg?fit=200%2C128&ssl=1\",\"contentUrl\":\"https:\\\/\\\/i0.wp.com\\\/teoriadeconstruccion.net\\\/blog\\\/wp-content\\\/uploads\\\/2023\\\/08\\\/cropped-logo-2023-sm.jpg?fit=200%2C128&ssl=1\",\"width\":200,\"height\":128,\"caption\":\"teoriadeconstruccion.net\"},\"image\":{\"@id\":\"https:\\\/\\\/teoriadeconstruccion.net\\\/blog\\\/#\\\/schema\\\/logo\\\/image\\\/\"},\"sameAs\":[\"https:\\\/\\\/www.facebook.com\\\/teoriadeconstru\",\"https:\\\/\\\/x.com\\\/teoriadeconstru\"]}]}<\/script>\n<!-- \/ Yoast SEO plugin. -->","yoast_head_json":{"title":"Sobre el autor : Luis Santalla - teoriadeconstruccion.net","description":"Luis Santalla es arquitecto titulado en la UDC. Fund\u00f3 Flu-or Arquitectura en 2008. Desarrolla su tesis doctoral sobre la docencia de la arquitectura.","robots":{"index":"index","follow":"follow","max-snippet":"max-snippet:-1","max-image-preview":"max-image-preview:large","max-video-preview":"max-video-preview:-1"},"canonical":"https:\/\/teoriadeconstruccion.net\/blog\/sobre-el-autor\/","og_locale":"es_ES","og_type":"article","og_title":"Sobre el autor : Luis Santalla - teoriadeconstruccion.net","og_description":"Luis Santalla es arquitecto titulado en la UDC. Fund\u00f3 Flu-or Arquitectura en 2008. Desarrolla su tesis doctoral sobre la docencia de la arquitectura.","og_url":"https:\/\/teoriadeconstruccion.net\/blog\/sobre-el-autor\/","og_site_name":"Teor\u00eda de construcci\u00f3n","article_publisher":"https:\/\/www.facebook.com\/teoriadeconstru","article_modified_time":"2023-08-12T16:27:02+00:00","og_image":[{"width":1600,"height":674,"url":"https:\/\/teoriadeconstruccion.net\/blog\/wp-content\/uploads\/2023\/08\/perfil-teoriadeconstruccion-luis-santalla-scaled.jpg","type":"image\/jpeg"}],"twitter_card":"summary_large_image","twitter_site":"@teoriadeconstru","twitter_misc":{"Tiempo de lectura":"1 minuto"},"schema":{"@context":"https:\/\/schema.org","@graph":[{"@type":"WebPage","@id":"https:\/\/teoriadeconstruccion.net\/blog\/sobre-el-autor\/","url":"https:\/\/teoriadeconstruccion.net\/blog\/sobre-el-autor\/","name":"Sobre el autor : Luis Santalla - teoriadeconstruccion.net","isPartOf":{"@id":"https:\/\/teoriadeconstruccion.net\/blog\/#website"},"primaryImageOfPage":{"@id":"https:\/\/teoriadeconstruccion.net\/blog\/sobre-el-autor\/#primaryimage"},"image":{"@id":"https:\/\/teoriadeconstruccion.net\/blog\/sobre-el-autor\/#primaryimage"},"thumbnailUrl":"https:\/\/i0.wp.com\/teoriadeconstruccion.net\/blog\/wp-content\/uploads\/2023\/08\/perfil-teoriadeconstruccion-luis-santalla-scaled.jpg?fit=1600%2C674&ssl=1","datePublished":"2016-03-27T11:12:10+00:00","dateModified":"2023-08-12T16:27:02+00:00","description":"Luis Santalla es arquitecto titulado en la UDC. Fund\u00f3 Flu-or Arquitectura en 2008. Desarrolla su tesis doctoral sobre la docencia de la arquitectura.","breadcrumb":{"@id":"https:\/\/teoriadeconstruccion.net\/blog\/sobre-el-autor\/#breadcrumb"},"inLanguage":"es","potentialAction":[{"@type":"ReadAction","target":["https:\/\/teoriadeconstruccion.net\/blog\/sobre-el-autor\/"]}]},{"@type":"ImageObject","inLanguage":"es","@id":"https:\/\/teoriadeconstruccion.net\/blog\/sobre-el-autor\/#primaryimage","url":"https:\/\/i0.wp.com\/teoriadeconstruccion.net\/blog\/wp-content\/uploads\/2023\/08\/perfil-teoriadeconstruccion-luis-santalla-scaled.jpg?fit=1600%2C674&ssl=1","contentUrl":"https:\/\/i0.wp.com\/teoriadeconstruccion.net\/blog\/wp-content\/uploads\/2023\/08\/perfil-teoriadeconstruccion-luis-santalla-scaled.jpg?fit=1600%2C674&ssl=1","width":1600,"height":674},{"@type":"BreadcrumbList","@id":"https:\/\/teoriadeconstruccion.net\/blog\/sobre-el-autor\/#breadcrumb","itemListElement":[{"@type":"ListItem","position":1,"name":"Home","item":"https:\/\/teoriadeconstruccion.net\/blog\/"},{"@type":"ListItem","position":2,"name":"Quienes somos"}]},{"@type":"WebSite","@id":"https:\/\/teoriadeconstruccion.net\/blog\/#website","url":"https:\/\/teoriadeconstruccion.net\/blog\/","name":"Teor\u00eda de construcci\u00f3n","description":"blog sobre construcci\u00f3n, teor\u00eda y aplicaci\u00f3n: materiales, normativa de edificaci\u00f3n, sistemas constructivos.","publisher":{"@id":"https:\/\/teoriadeconstruccion.net\/blog\/#organization"},"potentialAction":[{"@type":"SearchAction","target":{"@type":"EntryPoint","urlTemplate":"https:\/\/teoriadeconstruccion.net\/blog\/?s={search_term_string}"},"query-input":{"@type":"PropertyValueSpecification","valueRequired":true,"valueName":"search_term_string"}}],"inLanguage":"es"},{"@type":"Organization","@id":"https:\/\/teoriadeconstruccion.net\/blog\/#organization","name":"teoriadeconstruccion.net","url":"https:\/\/teoriadeconstruccion.net\/blog\/","logo":{"@type":"ImageObject","inLanguage":"es","@id":"https:\/\/teoriadeconstruccion.net\/blog\/#\/schema\/logo\/image\/","url":"https:\/\/i0.wp.com\/teoriadeconstruccion.net\/blog\/wp-content\/uploads\/2023\/08\/cropped-logo-2023-sm.jpg?fit=200%2C128&ssl=1","contentUrl":"https:\/\/i0.wp.com\/teoriadeconstruccion.net\/blog\/wp-content\/uploads\/2023\/08\/cropped-logo-2023-sm.jpg?fit=200%2C128&ssl=1","width":200,"height":128,"caption":"teoriadeconstruccion.net"},"image":{"@id":"https:\/\/teoriadeconstruccion.net\/blog\/#\/schema\/logo\/image\/"},"sameAs":["https:\/\/www.facebook.com\/teoriadeconstru","https:\/\/x.com\/teoriadeconstru"]}]}},"jetpack_shortlink":"https:\/\/wp.me\/P3diCd-hKU","jetpack_sharing_enabled":false,"_links":{"self":[{"href":"https:\/\/teoriadeconstruccion.net\/blog\/wp-json\/wp\/v2\/pages\/68256","targetHints":{"allow":["GET"]}}],"collection":[{"href":"https:\/\/teoriadeconstruccion.net\/blog\/wp-json\/wp\/v2\/pages"}],"about":[{"href":"https:\/\/teoriadeconstruccion.net\/blog\/wp-json\/wp\/v2\/types\/page"}],"author":[{"embeddable":true,"href":"https:\/\/teoriadeconstruccion.net\/blog\/wp-json\/wp\/v2\/users\/1"}],"replies":[{"embeddable":true,"href":"https:\/\/teoriadeconstruccion.net\/blog\/wp-json\/wp\/v2\/comments?post=68256"}],"version-history":[{"count":0,"href":"https:\/\/teoriadeconstruccion.net\/blog\/wp-json\/wp\/v2\/pages\/68256\/revisions"}],"wp:featuredmedia":[{"embeddable":true,"href":"https:\/\/teoriadeconstruccion.net\/blog\/wp-json\/wp\/v2\/media\/72835"}],"wp:attachment":[{"href":"https:\/\/teoriadeconstruccion.net\/blog\/wp-json\/wp\/v2\/media?parent=68256"}],"curies":[{"name":"wp","href":"https:\/\/api.w.org\/{rel}","templated":true}]}}