{"id":663,"date":"2011-01-02T21:51:22","date_gmt":"2011-01-02T21:51:22","guid":{"rendered":"http:\/\/teoriadeconstruccion.com\/?page_id=663"},"modified":"2023-02-12T20:50:38","modified_gmt":"2023-02-12T19:50:38","slug":"consulta","status":"publish","type":"page","link":"https:\/\/teoriadeconstruccion.net\/blog\/consulta\/","title":{"rendered":"Consulta o contacto"},"content":{"rendered":"\n<h2 class=\"wp-block-heading\">S\u00edguenos en redes sociales<\/h2>\n\n\n\n<ul class=\"wp-block-list\">\n<li><a href=\"https:\/\/www.facebook.com\/teoriadeconstru\" target=\"_blank\" rel=\"noreferrer noopener\">https:\/\/www.facebook.com\/teoriadeconstru<\/a><\/li>\n\n\n\n<li><a href=\"https:\/\/twitter.com\/teoriadeconstru\" target=\"_blank\" rel=\"noreferrer noopener\">https:\/\/twitter.com\/teoriadeconstru<\/a><\/li>\n\n\n\n<li><a href=\"https:\/\/www.instagram.com\/teoriadeconstruccion\/\" target=\"_blank\" rel=\"noreferrer noopener\">https:\/\/www.instagram.com\/teoriadeconstruccion\/<\/a><\/li>\n\n\n\n<li><a href=\"https:\/\/www.linkedin.com\/company\/teoriadeconstruccion-net\/\" target=\"_blank\" rel=\"noreferrer noopener\">https:\/\/www.linkedin.com\/company\/teoriadeconstruccion-net\/<\/a><\/li>\n<\/ul>\n\n\n\n<p><\/p>\n\n\n\n<h2 class=\"wp-block-heading\">Contacta personalmente<\/h2>\n\n\n\n<p>Detr\u00e1s de la web y del blog hay un equipo de arquitectos interesados en la arquitectura y en la construcci\u00f3n, desde su difusi\u00f3n hasta la puesta en pr\u00e1ctica. Si lo deseas puedes contactar con nosotros a trav\u00e9s del formulario:<\/p>\n\n\n\n<div class=\"wp-block-contact-form-7-contact-form-selector\">\n<div class=\"wpcf7 no-js\" id=\"wpcf7-f72421-o1\" lang=\"es-ES\" dir=\"ltr\" data-wpcf7-id=\"72421\">\n<div class=\"screen-reader-response\"><p role=\"status\" aria-live=\"polite\" aria-atomic=\"true\"><\/p> <ul><\/ul><\/div>\n<form action=\"\/blog\/wp-json\/wp\/v2\/pages\/663#wpcf7-f72421-o1\" method=\"post\" class=\"wpcf7-form init\" aria-label=\"Formulario de contacto\" enctype=\"multipart\/form-data\" novalidate=\"novalidate\" data-status=\"init\">\n<fieldset class=\"hidden-fields-container\"><input type=\"hidden\" name=\"_wpcf7\" value=\"72421\" \/><input type=\"hidden\" name=\"_wpcf7_version\" value=\"6.1.5\" \/><input type=\"hidden\" name=\"_wpcf7_locale\" value=\"es_ES\" \/><input type=\"hidden\" name=\"_wpcf7_unit_tag\" value=\"wpcf7-f72421-o1\" \/><input type=\"hidden\" name=\"_wpcf7_container_post\" value=\"0\" \/><input type=\"hidden\" name=\"_wpcf7_posted_data_hash\" value=\"\" \/>\n<\/fieldset>\n<p><label> Tu nombre<br \/>\n<span class=\"wpcf7-form-control-wrap\" data-name=\"your-name\"><input size=\"40\" maxlength=\"400\" class=\"wpcf7-form-control wpcf7-text wpcf7-validates-as-required\" autocomplete=\"name\" aria-required=\"true\" aria-invalid=\"false\" value=\"\" type=\"text\" name=\"your-name\" \/><\/span> <\/label>\n<\/p>\n<p><label> Tu correo electr\u00f3nico<br \/>\n<span class=\"wpcf7-form-control-wrap\" data-name=\"your-email\"><input size=\"40\" maxlength=\"400\" class=\"wpcf7-form-control wpcf7-email wpcf7-validates-as-required wpcf7-text wpcf7-validates-as-email\" autocomplete=\"email\" aria-required=\"true\" aria-invalid=\"false\" value=\"\" type=\"email\" name=\"your-email\" \/><\/span> <\/label>\n<\/p>\n<p><label> Asunto<br \/>\n<span class=\"wpcf7-form-control-wrap\" data-name=\"your-subject\"><input size=\"40\" maxlength=\"400\" class=\"wpcf7-form-control wpcf7-text wpcf7-validates-as-required\" aria-required=\"true\" aria-invalid=\"false\" value=\"\" type=\"text\" name=\"your-subject\" \/><\/span> <\/label>\n<\/p>\n<p><label> Motivo de contacto<br \/>\n<span class=\"wpcf7-form-control-wrap\" data-name=\"desplegable\"><select class=\"wpcf7-form-control wpcf7-select\" aria-invalid=\"false\" name=\"desplegable\"><option value=\"colaborar con la web\">colaborar con la web<\/option><option value=\"publicidad\">publicidad<\/option><option value=\"art\u00edculo patrocinado\">art\u00edculo patrocinado<\/option><option value=\"solicitar informaci\u00f3n\">solicitar informaci\u00f3n<\/option><\/select><\/span> <\/label>\n<\/p>\n<p><label> Tu mensaje (opcional)<br \/>\n<span class=\"wpcf7-form-control-wrap\" data-name=\"your-message\"><textarea cols=\"40\" rows=\"10\" maxlength=\"2000\" class=\"wpcf7-form-control wpcf7-textarea\" aria-invalid=\"false\" name=\"your-message\"><\/textarea><\/span> <\/label>\n<\/p>\n<p><label> Puedes adjuntar un archivo max 5 Mb (opcional)<br \/>\n<span class=\"wpcf7-form-control-wrap\" data-name=\"archivo\"><input size=\"40\" class=\"wpcf7-form-control wpcf7-file\" accept=\"audio\/*,video\/*,image\/*\" aria-invalid=\"false\" type=\"file\" name=\"archivo\" \/><\/span><\/label>\n<\/p>\n<p><input class=\"wpcf7-form-control wpcf7-submit has-spinner\" type=\"submit\" value=\"Enviar\" \/>\n<\/p><div class=\"wpcf7-response-output\" aria-hidden=\"true\"><\/div>\n<\/form>\n<\/div>\n<\/div>\n\n\n\n<p>Si lo prefieres tambi\u00e9n puedes enviar un email a <strong>info@teoriadeconstruccion.net<\/strong><\/p>\n\n\n\n<hr class=\"wp-block-separator has-css-opacity is-style-dots\"\/>\n\n\n<div class=\"wp-block-image\">\n<figure class=\"alignleft is-resized\"><img data-recalc-dims=\"1\" decoding=\"async\" src=\"https:\/\/i0.wp.com\/teoriadeconstruccion.net\/blog\/wp-content\/uploads\/2011\/01\/BENITA-246.png?resize=129%2C62\" alt=\"BENITA 246\" class=\"wp-image-3414\" width=\"129\" height=\"62\" srcset=\"https:\/\/i0.wp.com\/teoriadeconstruccion.net\/blog\/wp-content\/uploads\/2011\/01\/BENITA-246.png?w=513&amp;ssl=1 513w, https:\/\/i0.wp.com\/teoriadeconstruccion.net\/blog\/wp-content\/uploads\/2011\/01\/BENITA-246.png?resize=300%2C144&amp;ssl=1 300w\" sizes=\"(max-width: 129px) 100vw, 129px\" \/><\/figure>\n<\/div>\n\n\n<p><\/p>\n\n\n\n<p><\/p>\n\n\n\n<p>Puedes acercarte a nuestra oficina:<\/p>\n\n\n\n<p><em>Espacio de trabajo <strong><a href=\"https:\/\/www.facebook.com\/casabenita?fref=ts\" target=\"_blank\" rel=\"noopener noreferrer\">\u00abBenita\u00bb<\/a><\/strong><\/em><br><em>\u00c1ngel Rebollo 88 bajo, 15002 A Coru\u00f1a<\/em><\/p>\n\n\n\n<ul class=\"wp-block-list\">\n<li><a href=\"https:\/\/www.facebook.com\/casabenita?fref=ts\" target=\"_blank\" rel=\"noopener noreferrer\">facebook<\/a><\/li>\n\n\n\n<li><a href=\"https:\/\/es.foursquare.com\/v\/benita--fluor\/52db940d498efa015636c0fe\" target=\"_blank\" rel=\"noopener noreferrer\">foursquare<\/a><\/li>\n\n\n\n<li><a href=\"http:\/\/www.yelp.es\/biz\/flu-or-a-coru%C3%B1a\" target=\"_blank\" rel=\"noopener noreferrer\">yelp<\/a><\/li>\n\n\n\n<li><a href=\"https:\/\/www.google.com\/maps\/place\/Coworking+Benita\/@43.3778486,-8.4080424,17z\/data=!3m1!4b1!4m5!3m4!1s0x0:0x5e5d74ad69c07db5!8m2!3d43.3778486!4d-8.4058537?hl=es\" target=\"_blank\" rel=\"noopener noreferrer\">google maps<\/a><\/li>\n<\/ul>\n\n\n\n<p>&#8212;&#8212;&#8212;&#8212;&#8212;&#8212;&#8212;&#8212;&#8212;&#8212;&#8212;&#8212;&#8212;&#8212;&#8212;&#8212;&#8212;&#8212;&#8212;&#8212;<\/p>\n","protected":false},"excerpt":{"rendered":"<p>S\u00edguenos en redes sociales Contacta personalmente Detr\u00e1s de la web y del blog hay un equipo de arquitectos interesados en la arquitectura y en la construcci\u00f3n, desde su difusi\u00f3n hasta la puesta en pr\u00e1ctica. Si lo deseas puedes contactar con nosotros a trav\u00e9s del formulario: Si lo prefieres tambi\u00e9n puedes enviar un email a info@teoriadeconstruccion.net&hellip;&nbsp;<a href=\"https:\/\/teoriadeconstruccion.net\/blog\/consulta\/\" rel=\"bookmark\">Leer m\u00e1s &raquo;<span class=\"screen-reader-text\">Consulta o contacto<\/span><\/a><\/p>\n","protected":false},"author":1,"featured_media":0,"parent":0,"menu_order":0,"comment_status":"closed","ping_status":"closed","template":"","meta":{"neve_meta_sidebar":"","neve_meta_container":"","neve_meta_enable_content_width":"","neve_meta_content_width":0,"neve_meta_title_alignment":"","neve_meta_author_avatar":"","neve_post_elements_order":"","neve_meta_disable_header":"","neve_meta_disable_footer":"","neve_meta_disable_title":"","jetpack_post_was_ever_published":false,"footnotes":""},"class_list":["post-663","page","type-page","status-publish","hentry"],"yoast_head":"<!-- This site is optimized with the Yoast SEO plugin v27.4 - https:\/\/yoast.com\/product\/yoast-seo-wordpress\/ -->\n<title>Consulta a teoriadeconstruccion.net<\/title>\n<meta name=\"description\" content=\"Puedes consultar via online o acercarte a nuestro espacio de trabajo &quot;Benita&quot; - c\/ \u00c1ngel Rebollo 88, A Coru\u00f1a (Espa\u00f1a)\" \/>\n<meta name=\"robots\" content=\"index, follow, max-snippet:-1, max-image-preview:large, max-video-preview:-1\" \/>\n<link rel=\"canonical\" href=\"https:\/\/teoriadeconstruccion.net\/blog\/consulta\/\" \/>\n<meta property=\"og:locale\" content=\"es_ES\" \/>\n<meta property=\"og:type\" content=\"article\" \/>\n<meta property=\"og:title\" content=\"Consulta a teoriadeconstruccion.net\" \/>\n<meta property=\"og:description\" content=\"Puedes consultar via online o acercarte a nuestro espacio de trabajo &quot;Benita&quot; - c\/ \u00c1ngel Rebollo 88, A Coru\u00f1a (Espa\u00f1a)\" \/>\n<meta property=\"og:url\" content=\"https:\/\/teoriadeconstruccion.net\/blog\/consulta\/\" \/>\n<meta property=\"og:site_name\" content=\"Teor\u00eda de construcci\u00f3n\" \/>\n<meta property=\"article:publisher\" content=\"https:\/\/www.facebook.com\/teoriadeconstru\" \/>\n<meta property=\"article:modified_time\" content=\"2023-02-12T19:50:38+00:00\" \/>\n<meta property=\"og:image\" content=\"http:\/\/teoriadeconstruccion.net\/blog\/wp-content\/uploads\/2011\/01\/BENITA-246.png\" \/>\n<meta name=\"twitter:card\" content=\"summary_large_image\" \/>\n<meta name=\"twitter:site\" content=\"@teoriadeconstru\" \/>\n<meta name=\"twitter:label1\" content=\"Tiempo de lectura\" \/>\n\t<meta name=\"twitter:data1\" content=\"1 minuto\" \/>\n<script type=\"application\/ld+json\" class=\"yoast-schema-graph\">{\"@context\":\"https:\\\/\\\/schema.org\",\"@graph\":[{\"@type\":\"WebPage\",\"@id\":\"https:\\\/\\\/teoriadeconstruccion.net\\\/blog\\\/consulta\\\/\",\"url\":\"https:\\\/\\\/teoriadeconstruccion.net\\\/blog\\\/consulta\\\/\",\"name\":\"Consulta a teoriadeconstruccion.net\",\"isPartOf\":{\"@id\":\"https:\\\/\\\/teoriadeconstruccion.net\\\/blog\\\/#website\"},\"primaryImageOfPage\":{\"@id\":\"https:\\\/\\\/teoriadeconstruccion.net\\\/blog\\\/consulta\\\/#primaryimage\"},\"image\":{\"@id\":\"https:\\\/\\\/teoriadeconstruccion.net\\\/blog\\\/consulta\\\/#primaryimage\"},\"thumbnailUrl\":\"http:\\\/\\\/teoriadeconstruccion.net\\\/blog\\\/wp-content\\\/uploads\\\/2011\\\/01\\\/BENITA-246.png\",\"datePublished\":\"2011-01-02T21:51:22+00:00\",\"dateModified\":\"2023-02-12T19:50:38+00:00\",\"description\":\"Puedes consultar via online o acercarte a nuestro espacio de trabajo \\\"Benita\\\" - c\\\/ \u00c1ngel Rebollo 88, A Coru\u00f1a (Espa\u00f1a)\",\"breadcrumb\":{\"@id\":\"https:\\\/\\\/teoriadeconstruccion.net\\\/blog\\\/consulta\\\/#breadcrumb\"},\"inLanguage\":\"es\",\"potentialAction\":[{\"@type\":\"ReadAction\",\"target\":[\"https:\\\/\\\/teoriadeconstruccion.net\\\/blog\\\/consulta\\\/\"]}]},{\"@type\":\"ImageObject\",\"inLanguage\":\"es\",\"@id\":\"https:\\\/\\\/teoriadeconstruccion.net\\\/blog\\\/consulta\\\/#primaryimage\",\"url\":\"http:\\\/\\\/teoriadeconstruccion.net\\\/blog\\\/wp-content\\\/uploads\\\/2011\\\/01\\\/BENITA-246.png\",\"contentUrl\":\"http:\\\/\\\/teoriadeconstruccion.net\\\/blog\\\/wp-content\\\/uploads\\\/2011\\\/01\\\/BENITA-246.png\"},{\"@type\":\"BreadcrumbList\",\"@id\":\"https:\\\/\\\/teoriadeconstruccion.net\\\/blog\\\/consulta\\\/#breadcrumb\",\"itemListElement\":[{\"@type\":\"ListItem\",\"position\":1,\"name\":\"Home\",\"item\":\"https:\\\/\\\/teoriadeconstruccion.net\\\/blog\\\/\"},{\"@type\":\"ListItem\",\"position\":2,\"name\":\"Consulta o contacto\"}]},{\"@type\":\"WebSite\",\"@id\":\"https:\\\/\\\/teoriadeconstruccion.net\\\/blog\\\/#website\",\"url\":\"https:\\\/\\\/teoriadeconstruccion.net\\\/blog\\\/\",\"name\":\"Teor\u00eda de construcci\u00f3n\",\"description\":\"blog sobre construcci\u00f3n, teor\u00eda y aplicaci\u00f3n: materiales, normativa de edificaci\u00f3n, sistemas constructivos.\",\"publisher\":{\"@id\":\"https:\\\/\\\/teoriadeconstruccion.net\\\/blog\\\/#organization\"},\"potentialAction\":[{\"@type\":\"SearchAction\",\"target\":{\"@type\":\"EntryPoint\",\"urlTemplate\":\"https:\\\/\\\/teoriadeconstruccion.net\\\/blog\\\/?s={search_term_string}\"},\"query-input\":{\"@type\":\"PropertyValueSpecification\",\"valueRequired\":true,\"valueName\":\"search_term_string\"}}],\"inLanguage\":\"es\"},{\"@type\":\"Organization\",\"@id\":\"https:\\\/\\\/teoriadeconstruccion.net\\\/blog\\\/#organization\",\"name\":\"teoriadeconstruccion.net\",\"url\":\"https:\\\/\\\/teoriadeconstruccion.net\\\/blog\\\/\",\"logo\":{\"@type\":\"ImageObject\",\"inLanguage\":\"es\",\"@id\":\"https:\\\/\\\/teoriadeconstruccion.net\\\/blog\\\/#\\\/schema\\\/logo\\\/image\\\/\",\"url\":\"https:\\\/\\\/i0.wp.com\\\/teoriadeconstruccion.net\\\/blog\\\/wp-content\\\/uploads\\\/2023\\\/08\\\/cropped-logo-2023-sm.jpg?fit=200%2C128&ssl=1\",\"contentUrl\":\"https:\\\/\\\/i0.wp.com\\\/teoriadeconstruccion.net\\\/blog\\\/wp-content\\\/uploads\\\/2023\\\/08\\\/cropped-logo-2023-sm.jpg?fit=200%2C128&ssl=1\",\"width\":200,\"height\":128,\"caption\":\"teoriadeconstruccion.net\"},\"image\":{\"@id\":\"https:\\\/\\\/teoriadeconstruccion.net\\\/blog\\\/#\\\/schema\\\/logo\\\/image\\\/\"},\"sameAs\":[\"https:\\\/\\\/www.facebook.com\\\/teoriadeconstru\",\"https:\\\/\\\/x.com\\\/teoriadeconstru\"]}]}<\/script>\n<!-- \/ Yoast SEO plugin. -->","yoast_head_json":{"title":"Consulta a teoriadeconstruccion.net","description":"Puedes consultar via online o acercarte a nuestro espacio de trabajo \"Benita\" - c\/ \u00c1ngel Rebollo 88, A Coru\u00f1a (Espa\u00f1a)","robots":{"index":"index","follow":"follow","max-snippet":"max-snippet:-1","max-image-preview":"max-image-preview:large","max-video-preview":"max-video-preview:-1"},"canonical":"https:\/\/teoriadeconstruccion.net\/blog\/consulta\/","og_locale":"es_ES","og_type":"article","og_title":"Consulta a teoriadeconstruccion.net","og_description":"Puedes consultar via online o acercarte a nuestro espacio de trabajo \"Benita\" - c\/ \u00c1ngel Rebollo 88, A Coru\u00f1a (Espa\u00f1a)","og_url":"https:\/\/teoriadeconstruccion.net\/blog\/consulta\/","og_site_name":"Teor\u00eda de construcci\u00f3n","article_publisher":"https:\/\/www.facebook.com\/teoriadeconstru","article_modified_time":"2023-02-12T19:50:38+00:00","og_image":[{"url":"http:\/\/teoriadeconstruccion.net\/blog\/wp-content\/uploads\/2011\/01\/BENITA-246.png","type":"","width":"","height":""}],"twitter_card":"summary_large_image","twitter_site":"@teoriadeconstru","twitter_misc":{"Tiempo de lectura":"1 minuto"},"schema":{"@context":"https:\/\/schema.org","@graph":[{"@type":"WebPage","@id":"https:\/\/teoriadeconstruccion.net\/blog\/consulta\/","url":"https:\/\/teoriadeconstruccion.net\/blog\/consulta\/","name":"Consulta a teoriadeconstruccion.net","isPartOf":{"@id":"https:\/\/teoriadeconstruccion.net\/blog\/#website"},"primaryImageOfPage":{"@id":"https:\/\/teoriadeconstruccion.net\/blog\/consulta\/#primaryimage"},"image":{"@id":"https:\/\/teoriadeconstruccion.net\/blog\/consulta\/#primaryimage"},"thumbnailUrl":"http:\/\/teoriadeconstruccion.net\/blog\/wp-content\/uploads\/2011\/01\/BENITA-246.png","datePublished":"2011-01-02T21:51:22+00:00","dateModified":"2023-02-12T19:50:38+00:00","description":"Puedes consultar via online o acercarte a nuestro espacio de trabajo \"Benita\" - c\/ \u00c1ngel Rebollo 88, A Coru\u00f1a (Espa\u00f1a)","breadcrumb":{"@id":"https:\/\/teoriadeconstruccion.net\/blog\/consulta\/#breadcrumb"},"inLanguage":"es","potentialAction":[{"@type":"ReadAction","target":["https:\/\/teoriadeconstruccion.net\/blog\/consulta\/"]}]},{"@type":"ImageObject","inLanguage":"es","@id":"https:\/\/teoriadeconstruccion.net\/blog\/consulta\/#primaryimage","url":"http:\/\/teoriadeconstruccion.net\/blog\/wp-content\/uploads\/2011\/01\/BENITA-246.png","contentUrl":"http:\/\/teoriadeconstruccion.net\/blog\/wp-content\/uploads\/2011\/01\/BENITA-246.png"},{"@type":"BreadcrumbList","@id":"https:\/\/teoriadeconstruccion.net\/blog\/consulta\/#breadcrumb","itemListElement":[{"@type":"ListItem","position":1,"name":"Home","item":"https:\/\/teoriadeconstruccion.net\/blog\/"},{"@type":"ListItem","position":2,"name":"Consulta o contacto"}]},{"@type":"WebSite","@id":"https:\/\/teoriadeconstruccion.net\/blog\/#website","url":"https:\/\/teoriadeconstruccion.net\/blog\/","name":"Teor\u00eda de construcci\u00f3n","description":"blog sobre construcci\u00f3n, teor\u00eda y aplicaci\u00f3n: materiales, normativa de edificaci\u00f3n, sistemas constructivos.","publisher":{"@id":"https:\/\/teoriadeconstruccion.net\/blog\/#organization"},"potentialAction":[{"@type":"SearchAction","target":{"@type":"EntryPoint","urlTemplate":"https:\/\/teoriadeconstruccion.net\/blog\/?s={search_term_string}"},"query-input":{"@type":"PropertyValueSpecification","valueRequired":true,"valueName":"search_term_string"}}],"inLanguage":"es"},{"@type":"Organization","@id":"https:\/\/teoriadeconstruccion.net\/blog\/#organization","name":"teoriadeconstruccion.net","url":"https:\/\/teoriadeconstruccion.net\/blog\/","logo":{"@type":"ImageObject","inLanguage":"es","@id":"https:\/\/teoriadeconstruccion.net\/blog\/#\/schema\/logo\/image\/","url":"https:\/\/i0.wp.com\/teoriadeconstruccion.net\/blog\/wp-content\/uploads\/2023\/08\/cropped-logo-2023-sm.jpg?fit=200%2C128&ssl=1","contentUrl":"https:\/\/i0.wp.com\/teoriadeconstruccion.net\/blog\/wp-content\/uploads\/2023\/08\/cropped-logo-2023-sm.jpg?fit=200%2C128&ssl=1","width":200,"height":128,"caption":"teoriadeconstruccion.net"},"image":{"@id":"https:\/\/teoriadeconstruccion.net\/blog\/#\/schema\/logo\/image\/"},"sameAs":["https:\/\/www.facebook.com\/teoriadeconstru","https:\/\/x.com\/teoriadeconstru"]}]}},"jetpack_shortlink":"https:\/\/wp.me\/P3diCd-aH","jetpack_sharing_enabled":false,"_links":{"self":[{"href":"https:\/\/teoriadeconstruccion.net\/blog\/wp-json\/wp\/v2\/pages\/663","targetHints":{"allow":["GET"]}}],"collection":[{"href":"https:\/\/teoriadeconstruccion.net\/blog\/wp-json\/wp\/v2\/pages"}],"about":[{"href":"https:\/\/teoriadeconstruccion.net\/blog\/wp-json\/wp\/v2\/types\/page"}],"author":[{"embeddable":true,"href":"https:\/\/teoriadeconstruccion.net\/blog\/wp-json\/wp\/v2\/users\/1"}],"replies":[{"embeddable":true,"href":"https:\/\/teoriadeconstruccion.net\/blog\/wp-json\/wp\/v2\/comments?post=663"}],"version-history":[{"count":0,"href":"https:\/\/teoriadeconstruccion.net\/blog\/wp-json\/wp\/v2\/pages\/663\/revisions"}],"wp:attachment":[{"href":"https:\/\/teoriadeconstruccion.net\/blog\/wp-json\/wp\/v2\/media?parent=663"}],"curies":[{"name":"wp","href":"https:\/\/api.w.org\/{rel}","templated":true}]}}